{"id":175,"date":"2013-10-09T07:22:43","date_gmt":"2013-10-09T05:22:43","guid":{"rendered":"http:\/\/www.naturpark-kallenborn.de\/?page_id=175"},"modified":"2022-07-26T18:05:20","modified_gmt":"2022-07-26T16:05:20","slug":"foerderverein-2","status":"publish","type":"page","link":"https:\/\/www.naturpark-kallenborn.de\/?page_id=175","title":{"rendered":"F\u00f6rderverein"},"content":{"rendered":"<p><span style=\"color: #003300;\"><strong>Aufgaben:<\/strong><\/span><br \/>\nZweck des Vereins ist, die Naherholung zu f\u00f6rdern. Dies soll erreicht werden durch Schaffung, Pflege und Erhalt von Einrichtungen in Obersalbach, die der Erholung, Entspannung und Gesundheit der Menschen dienen. Die daraus resultierenden Aufgaben sind<\/p>\n<ul>\n<li>Pflege und Unterhaltung bestehender Anlagen<\/li>\n<li>Schaffung naturverbundener neuer Anlagen<\/li>\n<li>Wahrnehmung und F\u00f6rderung des Naturschutzes<\/li>\n<li>Organisation und Durchf\u00fchrung von Veranstaltungen, die der Entspannung, Erholung und Gesundheit der Menschen dienen<\/li>\n<\/ul>\n<p><span style=\"color: #003300;\"><strong>Gr\u00fcndung:<\/strong><\/span><br \/>\n27. Oktober 1973<\/p>\n<p><span style=\"color: #003300;\"><strong>Vorstand:<\/strong><\/span><br \/>\n1. Vorsitzender:\u00a0\u00a0\u00a0 Rolf Lo\u00ebs<br \/>\n2. Vorsitzender: \u00a0\u00a0 Ralf Goldmann<br \/>\nKassierer:\u00a0 \u00a0 \u00a0 \u00a0 \u00a0 \u00a0 \u00a0Alfred Kirsch<br \/>\nSchriftf\u00fchrer:\u00a0 \u00a0 \u00a0 \u00a0 Lena Schwarz<br \/>\nBeisitzer:\u00a0 \u00a0 \u00a0 \u00a0 \u00a0 \u00a0 \u00a0 Karl-Heinz Klasen, Roman Reichert, Maximilian Lo\u00ebs, Maximilian Ahrens, Laura Gr\u00fcnewald<\/p>\n<p><span style=\"color: #003300;\"><strong>Geschichte:<\/strong><\/span><br \/>\nIm Jahre 1966 hatte der damalige B\u00fcrgermeister der Gemeinde Obersalbach, Ferdi Bossmann, die Idee, im Kallenborner W\u00e4ldchen in Obersalbach einen Naturpark zu schaffen.<br \/>\nDie ersten Wanderwege wurden damals durch die Vereinsvorst\u00e4nde der ortsans\u00e4ssigen Vereine und die Mitglieder des Obersalbacher Gemeinderates angelegt.<br \/>\nDie Einholung aller beh\u00f6rdlichen Genehmigungen dauerte bis 1972. Dann begann man mit dem Anlegen des Weihers, dem Bau des Wildgeheges und der Fasanerie. Gro\u00dfe Unterst\u00fctzung erhielt man vom THW Heusweiler, das die Schlucht mit einer Holzbr\u00fccke \u00fcberspannte.<br \/>\nIm Juni 1973 wurde der Naturpark seiner Bestimmung \u00fcbergeben und im Oktober desselben Jahres wurde der \u201eVerein zur F\u00f6rderung der Naherholung und des Naturschutzes Obersalbach\u201c gegr\u00fcndet.<br \/>\n1981 entschied man sich f\u00fcr den Bau eines festen Verkaufsstandes, woraus schlie\u00dflich das \u201eHaus Kallenborn\u201c entstand, das im Oktober 1983 eingeweiht wurde.<br \/>\nDurch den Verkauf von Speisen und Getr\u00e4nken erwirtschaftet der Verein seither u.a. die Erl\u00f6se, die er f\u00fcr Erhaltung, Pflege und Ausbau des Naturparks braucht.<\/p>\n<p><span style=\"color: #003300;\"><strong>Die Vereinsvorsitzenden seit Gr\u00fcndung:<br \/>\n<\/strong><\/span>Ferdinand Bossmann, 1973 bis 1988<br \/>\nErnst Jakobs, 1988 bis 1989<br \/>\nReinhold Klein (kommissarisch) September 1989 bis Januar 1990<br \/>\nG\u00fcnter Klein, 1990 bis 2008<br \/>\nAndreas Haberer, 2008 bis 2010<br \/>\nRolf Lo\u00ebs, seit 2010<\/p>\n","protected":false},"excerpt":{"rendered":"<p>Aufgaben: Zweck des Vereins ist, die Naherholung zu f\u00f6rdern. Dies soll erreicht werden durch Schaffung, Pflege und Erhalt von Einrichtungen in Obersalbach, die der Erholung, Entspannung und Gesundheit der Menschen dienen. Die daraus resultierenden Aufgaben sind Pflege und Unterhaltung bestehender Anlagen Schaffung naturverbundener neuer Anlagen Wahrnehmung und F\u00f6rderung des Naturschutzes Organisation und Durchf\u00fchrung von Veranstaltungen, [&hellip;]<\/p>\n","protected":false},"author":1,"featured_media":0,"parent":0,"menu_order":0,"comment_status":"closed","ping_status":"closed","template":"","meta":[],"_links":{"self":[{"href":"https:\/\/www.naturpark-kallenborn.de\/index.php?rest_route=\/wp\/v2\/pages\/175"}],"collection":[{"href":"https:\/\/www.naturpark-kallenborn.de\/index.php?rest_route=\/wp\/v2\/pages"}],"about":[{"href":"https:\/\/www.naturpark-kallenborn.de\/index.php?rest_route=\/wp\/v2\/types\/page"}],"author":[{"embeddable":true,"href":"https:\/\/www.naturpark-kallenborn.de\/index.php?rest_route=\/wp\/v2\/users\/1"}],"replies":[{"embeddable":true,"href":"https:\/\/www.naturpark-kallenborn.de\/index.php?rest_route=%2Fwp%2Fv2%2Fcomments&post=175"}],"version-history":[{"count":15,"href":"https:\/\/www.naturpark-kallenborn.de\/index.php?rest_route=\/wp\/v2\/pages\/175\/revisions"}],"predecessor-version":[{"id":779,"href":"https:\/\/www.naturpark-kallenborn.de\/index.php?rest_route=\/wp\/v2\/pages\/175\/revisions\/779"}],"wp:attachment":[{"href":"https:\/\/www.naturpark-kallenborn.de\/index.php?rest_route=%2Fwp%2Fv2%2Fmedia&parent=175"}],"curies":[{"name":"wp","href":"https:\/\/api.w.org\/{rel}","templated":true}]}}

Förderverein

<p><span style="color: #003300;"><strong>Aufgaben:</strong></span><br />
Zweck des Vereins ist, die Naherholung zu fördern. Dies soll erreicht werden durch Schaffung, Pflege und Erhalt von Einrichtungen in Obersalbach, die der Erholung, Entspannung und Gesundheit der Menschen dienen. Die daraus resultierenden Aufgaben sind</p>
<ul>
<li>Pflege und Unterhaltung bestehender Anlagen</li>
<li>Schaffung naturverbundener neuer Anlagen</li>
<li>Wahrnehmung und Förderung des Naturschutzes</li>
<li>Organisation und Durchführung von Veranstaltungen, die der Entspannung, Erholung und Gesundheit der Menschen dienen</li>
</ul>
<p><span style="color: #003300;"><strong>Gründung:</strong></span><br />
27. Oktober 1973</p>
<p><span style="color: #003300;"><strong>Vorstand:</strong></span><br />
1. Vorsitzender:    Rolf Loës<br />
2. Vorsitzender:    Ralf Goldmann<br />
Kassierer:             Alfred Kirsch<br />
Schriftführer:        Lena Schwarz<br />
Beisitzer:              Karl-Heinz Klasen, Roman Reichert, Maximilian Loës, Maximilian Ahrens, Laura Grünewald</p>
<p><span style="color: #003300;"><strong>Geschichte:</strong></span><br />
Im Jahre 1966 hatte der damalige Bürgermeister der Gemeinde Obersalbach, Ferdi Bossmann, die Idee, im Kallenborner Wäldchen in Obersalbach einen Naturpark zu schaffen.<br />
Die ersten Wanderwege wurden damals durch die Vereinsvorstände der ortsansässigen Vereine und die Mitglieder des Obersalbacher Gemeinderates angelegt.<br />
Die Einholung aller behördlichen Genehmigungen dauerte bis 1972. Dann begann man mit dem Anlegen des Weihers, dem Bau des Wildgeheges und der Fasanerie. Große Unterstützung erhielt man vom THW Heusweiler, das die Schlucht mit einer Holzbrücke überspannte.<br />
Im Juni 1973 wurde der Naturpark seiner Bestimmung übergeben und im Oktober desselben Jahres wurde der „Verein zur Förderung der Naherholung und des Naturschutzes Obersalbach“ gegründet.<br />
1981 entschied man sich für den Bau eines festen Verkaufsstandes, woraus schließlich das „Haus Kallenborn“ entstand, das im Oktober 1983 eingeweiht wurde.<br />
Durch den Verkauf von Speisen und Getränken erwirtschaftet der Verein seither u.a. die Erlöse, die er für Erhaltung, Pflege und Ausbau des Naturparks braucht.</p>
<p><span style="color: #003300;"><strong>Die Vereinsvorsitzenden seit Gründung:<br />
</strong></span>Ferdinand Bossmann, 1973 bis 1988<br />
Ernst Jakobs, 1988 bis 1989<br />
Reinhold Klein (kommissarisch) September 1989 bis Januar 1990<br />
Günter Klein, 1990 bis 2008<br />
Andreas Haberer, 2008 bis 2010<br />
Rolf Loës, seit 2010</p>

<p>Aufgaben: Zweck des Vereins ist, die Naherholung zu fördern. Dies soll erreicht werden durch Schaffung, Pflege und Erhalt von Einrichtungen in Obersalbach, die der Erholung, Entspannung und Gesundheit der Menschen dienen. Die daraus resultierenden Aufgaben sind Pflege und Unterhaltung bestehender Anlagen Schaffung naturverbundener neuer Anlagen Wahrnehmung und Förderung des Naturschutzes Organisation und Durchführung von Veranstaltungen, [&hellip;]</p>
